?
False
Is 5 a factor of 4665?
True
Is 6168 a multiple of 68?
False
Is 18259 a multiple of 19?
True
Is 7088 a multiple of 12?
False
Is 18 a factor of 4169?
False
Does 8 divide 5728?
True
Does 12 divide 99?
False
Does 26 divide 722?
False
Does 16 divide 61?
False
Is 130243 a multiple of 54?
False
Does 50 divide 700?
True
Is 124 a multiple of 24?
False
Is 2528 a multiple of 16?
True
Does 11 divide 7799?
True
Does 13 divide 28509?
True
Is 437 a multiple of 14?
False
Does 5 divide 450?
True
Is 1242 a multiple of 27?
True
Does 12 divide 10608?
True
Is 993 a multiple of 11?
False
Is 20 a factor of 79080?
True
Does 54 divide 5562?
True
Is 504 a multiple of 14?
True
Is 17104 a multiple of 65?
False
Is 76 a multiple of 19?
True
Does 65 divide 24414?
False
Does 99 divide 7153?
False
Does 47 divide 555?
False
Does 37 divide 32978?
False
Is 51 a factor of 1816?
False
Is 80 a factor of 1261?
False
Does 14 divide 1834?
True
Is 6252 a multiple of 30?
False
Is 914 a multiple of 48?
False
Is 12 a factor of 336?
True
Does 10 divide 13525?
False
Is 1633 a multiple of 13?
False
Is 51 a factor of 400?
False
Is 4423 a multiple of 29?
False
Is 1127 a multiple of 98?
False
Is 216 a multiple of 12?
True
Is 24 a factor of 3264?
True
Is 37 a factor of 918?
False
Does 15 divide 1613?
False
Does 52 divide 1924?
True
Is 10 a factor of 12820?
True
Is 2767 a multiple of 74?
False
Does 31 divide 24639?
False
Is 684 a multiple of 12?
True
Is 4628 a multiple of 7?
False
Is 2 a factor of 3478?
True
Does 52 divide 301?
False
Is 63 a factor of 7517?
False
Is 594 a multiple of 3?
True
Does 18 divide 1063?
False
Is 17 a factor of 29886?
True
Does 17 divide 1445?
True
Is 4 a factor of 126?
False
Is 29199 a multiple of 103?
False
Does 15 divide 315?
True
Is 153 a multiple of 17?
True
Is 672 a multiple of 96?
True
Is 19848 a multiple of 12?
True
Is 3740 a multiple of 20?
True
Is 31 a factor of 1581?
True
Is 14131 a multiple of 240?
False
Does 8 divide 232?
True
Does 37 divide 296?
True
Is 351 a multiple of 4?
False
Is 214 a factor of 11342?
True
Is 21 a factor of 1155?
True
Is 19 a factor of 1686?
False
Is 224 a multiple of 72?
False
Does 59 divide 362?
False
Does 5 divide 100?
True
Does 16 divide 576?
True
Is 3 a factor of 831?
True
Is 21 a factor of 7333?
False
Is 85627 a multiple of 16?
False
Does 15 divide 271?
False
Does 7 divide 819?
True
Does 36 divide 2059?
False
Is 10 a factor of 17302?
False
Is 12 a factor of 14772?
True
Is 750 a multiple of 15?
True
Is 20 a factor of 7120?
True
Does 5 divide 789?
False
Is 50 a factor of 1200?
True
Is 21182 a multiple of 119?
True
Is 16 a factor of 1200?
True
Is 24 a factor of 1584?
True
Is 13 a factor of 338?
True
Does 23 divide 70?
False
Is 11373 a multiple of 19?
False
Is 81 a factor of 12879?
True
Is 7382 a multiple of 95?
False
Is 94 a factor of 15637?
False
Is 136 a factor of 408?
True
Is 92 a multiple of 3?
False
Does 18 divide 143166?
False
Is 28813 a multiple of 26?
False
Is 925 a multiple of 37?
True
Is 2934 a multiple of 16?
False
Does 26 divide 44770?
False
Is 67 a factor of 21038?
True
Does 60 divide 366?
False
Is 55 a factor of 10977?
False
Is 808 a multiple of 4?
True
Does 105 divide 16954?
False
Does 83 divide 11422?
False
Is 11 a factor of 414?
False
Does 3 divide 1206?
True
Is 2401 a multiple of 7?
True
Does 33 divide 9933?
True
Does 92 divide 1817?
False
Is 4 a factor of 192?
True
Is 486 a multiple of 6?
True
Does 275 divide 66550?
True
Is 22 a factor of 1144?
True
Does 13 divide 407?
False
Is 18 a factor of 241?
False
Is 50 a factor of 8650?
True
Does 17 divide 614?
False
Is 6754 a multiple of 3?
False
Is 21294 a multiple of 78?
True
Is 139 a factor of 22071?
False
Is 42 a factor of 4158?
True
Is 39516 a multiple of 111?
True
Is 8 a factor of 664?
True
Is 4 a factor of 1858?
False
Is 271 a multiple of 25?
False
Is 33870 a multiple of 10?
True
Does 40 divide 10650?
False
Does 12 divide 292?
False
Is 10 a factor of 780?
True
Does 13 divide 4948?
False
Does 45 divide 3943?
False
Is 16857 a multiple of 63?
False
Is 6240 a multiple of 32?
True
Is 48574 a multiple of 163?
True
Is 7 a factor of 1679?
False
Is 174 a factor of 3654?
True
Is 51422 a multiple of 268?
False
Is 189175 a multiple of 35?
True
Is 31 a factor of 27342?
True
Is 173 a multiple of 16?
False
Is 648 a multiple of 108?
True
Is 1507 a multiple of 5?
False
Is 16596 a multiple of 15?
False
Does 38 divide 1223?
False
Does 28 divide 33684?
True
Is 9352 a multiple of 14?
True
Is 333 a multiple of 33?
False
Does 2 divide 588?
True
Does 42 divide 126?
True
Does 4 divide 327?
False
Is 26 a factor of 6059?
False
Is 66 a factor of 6326?
False
Does 17 divide 102?
True
Is 1478 a multiple of 14?
False
Is 12468 a multiple of 38?
False
Is 15 a factor of 165?
True
Is 2925 a multiple of 15?
True
Is 43 a factor of 129?
True
Does 4 divide 2356?
True
Does 5 divide 1115?
True
Is 29 a factor of 1885?
True
Does 57 divide 6840?
True
Is 5670 a multiple of 90?
True
Is 1534 a multiple of 32?
False
Is 38633 a multiple of 7?
True
Does 18 divide 1742?
False
Does 33 divide 10362?
True
Is 1716 a multiple of 26?
True
Is 13 a factor of 208?
True
Does 48 divide 1440?
True
Does 72 divide 9720?
True
Is 82674 a multiple of 54?
True
Is 15 a factor of 29708?
False
Is 39 a factor of 959?
False
Is 137 a factor of 27482?
False
Does 72 divide 1428?
False
Does 58 divide 890?
False
Is 7 a factor of 2593?
False
Does 13 divide 3825?
False
Is 1603 a multiple of 7?
True
Does 55 divide 14847?
False
Is 8 a factor of 368?
True
Is 17 a factor of 1722?
False
Does 34 divide 1734?
True
Is 3 a factor of 343?
False
Is 93 a factor of 6324?
True
Is 16264 a multiple of 4?
True
Is 4459 a multiple of 20?
False
Does 7 divide 372?
False
Is 4937 a multiple of 28?
False
Is 30 a factor of 9868?
False
Does 229 divide 6641?
True
Is 82 a factor of 26241?
False
Is 14 a factor of 182?
True
Is 20 a factor of 600?
True
Does 21 divide 7801?
False
Does 4 divide 577?
False
Is 2340 a multiple of 65?
True
Is 18 a factor of 10908?
True
Is 9 a factor of 740?
False
Is 12 a factor of 3583?
False
Does 139 divide 23769?
True
Does 74 divide 4725?
False
Is 36 a factor of 12271?
False
Does 153 divide 46665?
True
Is 1971 a multiple of 27?
True
Is 1449 a multiple of 21?
True
Does 21 divide 1407?
True
Does 13 divide 133393?
True
Does 31 divide 6140?
False
Is 1102 a multiple of 2?
True
Is 2262 a multiple of 7?
False
Is 15 even?
False
Is 317 a multiple of 17?
False
Is 4 a factor of 1422?
False
Is 6 a factor of 460?
False
Does 23 divide 789?
False
Is 21 a factor of 79494?
False
Is 46 a factor of 8263?
False
Is 1010 a multiple of 5?
True
Is 128 a factor of 20224?
True
Does 20 divide 3920?
True
Is 23 a factor of 161?
True
Is 11 a factor of 87?
False
Is 25 a multiple of 2?
False
Is 8 a factor of 1920?
True
Is 84366 a multiple of 86?
True
Is 6 a factor of 3553?
False
Is 25 a factor of 180?
False
Is 62 a factor of 7406?
False
Does 15 divide 1335?
True
Does 91 divide 17470?
False
Is 4 a factor of 1118?
False
Does 66 divide 2009?
False
Is 4725 a multiple of 6?
False
Does 196 divide 1764?
True
Is 16 a factor of 2416?
True
Is 13 a factor of 2912?
True
Is 10 a factor of 2647?
False
Is 13 a factor of 1491?
False
Is 31 a factor of 2858?
False
Is 3696 a multiple of 42?
True
Does 13 divide 4121?
True
Is 4131 a multiple of 27?
True
Is 136 a factor of 11895?
False
Does 4 divide 2040?
True
Is 5 a factor of 81?
False
Does 33 divide 17845?
False
Is 302 a multiple of 18?
False
Is 9202 a multiple of 45?
False
Is 2220 a multiple of 15?
True
Is 8 a factor of 14951?
False
Is 32 a factor of 800?
True
Is 8 a factor of 2871?
False
Is 625 a multiple of 46?
False
Does 5 divide 18?
False
Is 320 a multiple of 80?
True
Is 11 a factor of 12221?
True
Is 50620 a multiple of 20?
True
Is 10 a factor of 11232?
False
Is 63 a factor of 4725?
True
Is 97700 a multiple of 12?
False
Does 17 divide 3779?
False
Does 15 divide 6525?
True
Does 46 divide 395?
False
Does 56 divide 595?
False
Does 2 divide 18194?
True
Does 143 divide 429?
True
Does 3 divide 2752?
False
Is 672 a multiple of 24?
True
Is 6 a factor of 40080?
True
Is 530 a multiple of 10?
True
Is 27594 a multiple of 21?
True
Is 92 a multiple of 2?
True
Is 770 a multiple of 28?
False
Does 2 divide 1597?
False
Is 4 a factor of 11252?
True
Do